(10 + (2 - -1))?
33
1604 - 1550 - (0 + 37)
17
Evaluate (-74 + 34 - -34) + -29.
-35
What is the value of 104 - ((153 - 24) + -46)?
21
What is the value of (-488 - -483) + (-9 - (-2 + 2)) + 30?
16
10 + 0 - ((840 - 869) + (-10 + -1 - -1))
49
What is -16 + (-8 - -27) - (2 + (-4 - -11))?
-6
Calculate 15 + -38 + 44 + -22 + 1.
0
What is -50 + 27 - 61 - -70?
-14
What is 5 + 0 + -21 + (-1 - 24 - -29) - -58?
46
Evaluate -14 - ((-6 - (12 + 0)) + -6).
10
128 + -76 + 101 + -98
55
Calculate 3 - 50 - ((3 - (6 - 16) - 6) + -8).
-46
27 + (10 + -67 - -9) + -18
-39
What is -2588 + 2711 + (-206 - 0)?
-83
(27 - 29) + -12 + 87
73
-1 - -30 - ((-10 - 73) + 71)
41
What is the value of (17 - (-9 + -30 - -30)) + 9?
35
What is 5 + -1 + ((-19 - -4) + 30 + -109 - 20)?
-110
Evaluate -59 - (19 + 13 + -82).
-9
Calculate (15 - 2) + (377 + -393 - (-1 + -15)) - -33.
46
5 + (31 - -36) + -40
32
Calculate -52 + -11 + 21 + (2 - (2 - 4)).
-38
Evaluate -2 + -4 - (41 - 52) - 9 - 42.
-46
Calculate -11 + -5 + 5 + (34 - (7 + 32)).
-16
Calculate (33 - 74 - -45) + (-12 - 0 - (4 - 3)).
-9
Evaluate -2 + -8 + 20 + (7 - 45) + -2.
-30
Evaluate -202 + (64 - -40 - 4).
-102
What is the value of -32 + -39 + 59 + -17?
-29
Calculate -8 - (12 - (20 - ((14 - 20) + 1))).
5
What is the value of -13 - 13 - (28 - (66 + -2))?
10
What is 128 + (122 - 263 - -19)?
6
What is -4 - -5 - (-14 - (-21 - -39 - 19))?
14
(685 - 605) + (9 - 5)
84
What is 24 + 33 + -115 + (19 - 34)?
-73
4 + 15 + -11 + (-5 - (-7 + -3)) - 8
5
Calculate (59 - 9) + -38 + -9.
3
Calculate 13 + (-10 - 3) + -1 + (70 - 8).
61
What is the value of -40 + 96 + (-98 - -46)?
4
Evaluate (-1 + 1 - 60) + (-14 - (4 - 26)) + 1.
-51
Calculate (-36 - 2) + 5874 + -5801.
35
Calculate -29 - 1 - (-31 + 35 + -25).
-9
What is the value of 64 + (-8 + 11 + 12 - ((-8 - -4) + 8))?
75
What is 112 + (13 - 43 - -33 - 41)?
74
Evaluate -13 + -45 + 32 + -20.
-46
What is the value of (7 + 4 + -22 - 18) + -5?
-34
-45 + 44 + (-40 - -8)
-33
Evaluate (-49 - -66 - (64 - 12)) + 7 + (-3 - -5).
-26
What is the value of 10 + (-2 - -6) - (11 - (-103 - -14))?
-86
What is the value of (-36 - -28) + (0 - 49) + (-5 - -10 - 3)?
-55
Calculate (-9 - (45 + -127)) + -3.
70
-2 - 9 - (5020 - 5010)
-21
What is 0 + -9 - -16 - ((-75 - -64) + 3 + 17)?
-2
Evaluate -9 - (-11 + (-2 - 9 - -57) + 2).
-46
What is the value of (1 - 0) + (2729 - 2694)?
36
What is the value of (31 + -20 + 1 + -1 - -92) + -16?
87
(112 - (18 - (-11 + 26 - 17))) + -12
80
Evaluate -35 - (4 - (86 + -58)).
-11
Calculate 2 - -1 - (-13 - -20) - -12.
8
(-5 - -10) + 0 - (274 - 284)
15
Evaluate (109 + (0 - -1) - -3) + (-48 - (-34 - 0)).
99
What is the value of 0 + -18 + (24 - (2 - 20))?
24
Calculate (49 - (122 - 8)) + 31.
-34
Calculate -14 + (9 - (-24 + 12 + -29)).
36
Calculate 103 - (-6 + -5 + (-9 - -20 - -2)).
101
What is the value of 19 - -1 - (133 - 142)?
29
(57 - 49) + 5 + -9 + 7 + 4 + 29
44
Calculate -54 - -32 - -23 - (-7 - -17).
-9
Evaluate (-21 - -5) + 26 + 22 - -38.
70
What is the value of -100 + (67 + -80 - (14 + 2)) + 20?
-109
3 + 24 + (27 - 85) + 16
-15
Evaluate 0 + -11 - (-57 - (105 - 157)).
-6
Evaluate -64 - -106 - (4 + 8) - -13.
43
-69 - (5 - 60) - (0 + -71)
57
What is -8 - (59 + (10 + 3 - (7 + 22 + -15)))?
-66
What is (24 - 146 - -31) + 24?
-67
Calculate 20 - (-37 + 19 - -11).
27
-107 - ((660 - 696) + 81 + 0)
-152
29 + (-6 - (-16 - (8 - 9)))
38
Evaluate 99 - (94 + 3 + -84).
86
Calculate 0 + -3 - (65 + -10 + -40).
-18
Calculate -73 + -62 + 274 + -8.
131
What is (2 + -30 - -32) + (-3 - 3 - 63) - -11?
-54
What is -96 + 67 + (-79 - -44) - (-1 - -15)?
-78
What is the value of -81 - (-20 - -108 - 107)?
-62
Evaluate 12 - (24 + (5 - 16) - (-6 - -20)).
13
What is the value of 18 - (-96 - -265 - 51)?
-100
(38 - -120) + -25 - (2 - -7)
124
Evaluate 38 + 45 + (9 - 34) - 16.
42
What is -44 - ((0 - 10 - -1) + 43 + -17 + -19)?
-42
What is -6 + 38 + 16 + -71?
-23
What is the value of (-5 - -18) + 36 - (15 + -9)?
43
What is the value of 70 + 80 - 97 - (1 + -3)?
55
What is (13 - -19 - (24 + -10)) + -9?
9
35 + -18 + -9 - -12
20
Evaluate (0 - (-1 - -57)) + -271 + 251 + 34.
-42
What is 11 - (0 + -8 + -17 - (-2 + 2))?
36
What is 13 + (-9 - 38 - 16) + 5 + -7?
-52
Evaluate (-8 - (2 + 1 + -3)) + (23 - 15) + 8.
8
Evaluate 26 - ((-24 + 15 - -20) + -10).
25
What is the value of 40 - 2 - (-615 - -690)?
-37
What is -61 - (146 - 61 - 142)?
-4
What is the value of -2225 + 2286 + (14 - 2)?
73
25 + (6 - 10 - 39) + 102
84
(10 - 13) + -286 + 318
29
24 - (-43 - (24 - (-31 + 94)))
28
What is 6 - (6 - 1 - -6 - (116 + -122))?
-11
Evaluate 2 + 2 + 46 + 18 + -15 + 761 + -761.
53
What is -44 - (-44 + (-30 - -20))?
10
What is the value of (-721 - -704) + (-15 - 1) + -13?
-46
Evaluate -123 - (-51 + -64) - -51.
43
-7 + (-54 - -46) - -36
21
103 + (-64 - -26) + -19
46
Calculate -9 - (72 + (-20 - 44)).
-17
(-21 - (-5 - 6) - -50) + -5 + 4
39
Evaluate (-4 - (9 - (5 + 1 + 8))) + 5 + -33.
-27
What is (26 + -11 - 5 - -12) + -67?
-45
What is 100 + -18 + -49 + -41?
-8
17 + (-107 - -45) + 2 + -12
-55
What is 14 + -1 + 8 + -25 + 5?
1
Evaluate 5 - (1 + (4 - 7)) - (62 + -31 + 52).
-76
What is the value of (-63 - (-130 + -29) - (0 + 15)) + -6?
75
What is (407 + -421 - (64 - (1 + -1))) + (-2 - -13)?
-67
Calculate -25 - (-37 + 52 + -52) - (-37 - 1).
50
Calculate -120 - 5 - (19 + (-42 + -2 - -15) + 17).
-132
What is 35 + (-45 - 1) + -5 + 9?
-7
Evaluate 0 + (-7 - 14 - -44) - 8.
15
What is 33 + -6 + 9 + -23 + -23 + 37?
27
What is (-2302 - -2203) + 80 + 0?
-19
Evaluate 1939 - 1851 - (28 + 2).
58
What is the value of (-4 - -46) + -11 + -28 + 89?
92
What is the value of (-155 - (-279 - -144)) + (-65 - -1)?
-84
-570 - -558 - (12 - (2 - 1))
-23
What is the value of -21 + 1 - (752 - 758)?
-14
-9 + (-55 + 84 - -4)
24
Calculate -10 + 1 - (186 + -213 + (-4 - -43)).
-21
What is 7 - ((2 - -2) + -22 + 12) - 79?
-66
What is -3 + (1 + 13 - (68 + -51)) - (-1 - -82)?
-87
Evaluate 3 + 5 + -14 + (47 - 64) + 16.
-7
What is 1 + -9 - -17 - 79 - -7?
-63
Calculate 41 + -7 - (8 + 39).
-13
What is (-71 - -17) + 74 - 66?
-46
Evaluate 9 - (13 - (13 - (22 - -1))) - 24.
-38
Calculate (17 - -5) + (-3 - (18 - -12 - -26)).
-37
-73 - ((2 + 8 - 3) + (15 - 27))
-68
(0 - -46) + -4 - (-66 + (13 - -32))
63
Evaluate -4 - (-2 - -4 - 54 - (-868 + 867)).
47
-6 + (-1 - -1) + -12 + 4 + 28
14
What is the value of -22 - (10 + (-3 - 0))?
-29
What is -14 - (25 + -24 - -24)?
-39
-131 - ((-167 - -81) + -9)
-36
125 - 244 - -161 - (-8 - 1 - (0 - 0))
51
-1 + (14 - (18 - 13) - (-18 - 19))
45
Evaluate 93 - (-55 - (-163 + 40)).
25
(-52 - (116 + -83)) + 101
16
What is the value of -279 - (-117 - -1) - -122?
-41
Calculate 1 + -2 + 22 - (79 + -117).
59
Calculate -33 + 60 + -18 - -33.
42
What is the value of (-60 - (-18 + -61)) + -1?
18
Evaluate 31 + ((4 - -4) + 7 + -14 - -8).
40
7 + (-18 - (-5 - -12) - (-11 - -2) - 0)
-9
Calculate -30 + 75 + -45 + (-2 - 1).
-3
Evaluate 24 - (-109 + 19 + 21 + 25).
68
Evaluate 4 + -76 + 3 + (2 + 2 - 12) + 12.
-65
-18 + -15 + -5 + (2 - -5) - (-2 - -5)
-34
What is (-39 - -34) + (79 - 196)?
-122
10 + 3 + -9 + -9 + 12 + 38 + -8
37
What is -10 - 2 - (-9 - (-10 - (-1 - -1)))?
-13
Calculate (1 - -67) + (38 - 7) + (82 - 115).
66
What is the value of (9 - (10 - (-8 + 22))) + (-4 - (-35 + -3))?
47
What is (-10 - (5 + -26 + 11)) + (-13 - 4) + 3?
-14
Evaluate (-12 - (-5 + -2 - -6)) + 14.
3
Evaluate -124 - (-181 - -77) - (41 + 0).
-61
Evaluate -15 + (17 + -38 - (-9 - 20)).
-7
What is the value of -11 - (50 + -103 + 74)?
-32
Evaluate (-13 - -19 - (46 - 9)) + 7 + 3.
-21
Evaluate -62 + 0 + (84 + -129 - -20).
-87
Calculate -14 - (-90 - -69 - (1 + 2)).
10
-12 + ((6 - -3) + -17 + 134 - (-72 + 65))
121
-13 - (1 + -5) - ((-24 - -12) + 0 + -20)
23
Calculate 47 - 111 - 16 - -37.
-43
(0 + -3 - (-23 + 2 - -4)) + 43
57
117 - -1 - (4108 - 4058)
68
23 + (131 - 109) + (0 - (1 - -3)) + 9
50
Calculate -85 + 10 + (-10 + 20 - 16) - (-7 + 0).
-74
Calculate -2 - 37 - (2 - (33 + 31 + -45)).
-22
Evaluate -6 + -22 + (-827 - -865) + (1 - 3) + 0.
8
Evaluate -18 + (-2 + -12 + 19 - 1) + -13.
-27
What is the value of (0 + -19 - (-140 + 123)) + -9 - (44 + 1)?
-56
What is the value of -16 - (-50 + 89 - 31) - -142?
118
Evaluate 10 + 6 - (50 - (-16 + 30)).
-20
15 + (-14 - -29) + -25 - (-3 - -48)
-40
(-15 - 17) + 9 - (2 - 2)
-23
Calculate (-121 + 205 - 22